{"id":223,"date":"2010-09-12T17:54:18","date_gmt":"2010-09-12T17:54:18","guid":{"rendered":"http:\/\/www2.ampermusikanten.de\/?page_id=223"},"modified":"2014-04-12T12:32:24","modified_gmt":"2014-04-12T10:32:24","slug":"horproben","status":"publish","type":"page","link":"https:\/\/www.ampermusikanten.de\/?page_id=223","title":{"rendered":"H\u00f6rproben"},"content":{"rendered":"<hr style=\"height: 50px; visibility: hidden;\" \/>\n<div style=\"display: inline-block; vertical-align: top; min-width: 30%; max-width: 70%;\">\n<p style=\"margin-top: -50px;\"><strong style=\"font-size: 18px;\">Hier finden Sie H\u00f6rproben der Amper-Musikanten:<\/strong><\/p>\n<\/div>\n<p><a href=\"https:\/\/www.ampermusikanten.de\/wp-content\/uploads\/2010\/09\/cover.png\" data-rel=\"lightbox-image-0\" data-rl_title=\"\" data-rl_caption=\"\"><img loading=\"lazy\" decoding=\"async\" class=\"alignright\" title=\"\" alt=\"\" src=\"https:\/\/www.ampermusikanten.de\/wp-content\/uploads\/2010\/09\/WB-Presse-1-300x213.jpg\" width=\"300\" height=\"213\" \/><\/a><\/p>\n<div style=\"display: inline-block; vertical-align: top; min-width: 30%; max-width: 70%;\">\n(Zum Abspielen bitte auf Titel klicken)\n<\/div>\n<p><center><\/p>\n<div style=\"display: inline-block; vertical-align: top; min-width: 30%; max-width: 70%;\">\n<p style=\"text-align: center; font-size: 16px;\">Polka: <a href=\"https:\/\/www.ampermusikanten.de\/wp-content\/uploads\/2010\/09\/boehmtraum-exmpl.mp3\">B\u00f6hmischer Traum<\/a> <a href=\"https:\/\/www.ampermusikanten.de\/wp-content\/uploads\/2010\/09\/boehmtraum-exmpl.mp3\"><img loading=\"lazy\" decoding=\"async\" alt=\"noten8mini\" src=\"https:\/\/www.ampermusikanten.de\/wp-content\/uploads\/2014\/03\/noten8mini.png\" width=\"18\" height=\"31\" \/><\/a><\/p>\n<p style=\"text-align: center; font-size: 16px;\">Marsch: <a href=\"https:\/\/www.ampermusikanten.de\/wp-content\/uploads\/2010\/09\/toelzer-exmpl.mp3\">T\u00f6lzer Sch\u00fctzenmarsch<\/a> <a href=\"https:\/\/www.ampermusikanten.de\/wp-content\/uploads\/2010\/09\/toelzer-exmpl.mp3\"><img loading=\"lazy\" decoding=\"async\" alt=\"noten8mini\" src=\"https:\/\/www.ampermusikanten.de\/wp-content\/uploads\/2014\/03\/noten8mini.png\" width=\"18\" height=\"31\" \/><\/a><\/p>\n<p style=\"text-align: center; font-size: 16px;\">Walzer: <a href=\"https:\/\/www.ampermusikanten.de\/wp-content\/uploads\/2010\/09\/rosengarten-exmpl.mp3\">Im Rosengarten<\/a> <a href=\"https:\/\/www.ampermusikanten.de\/wp-content\/uploads\/2010\/09\/rosengarten-exmpl.mp3\"><img loading=\"lazy\" decoding=\"async\" alt=\"noten8mini\" src=\"https:\/\/www.ampermusikanten.de\/wp-content\/uploads\/2014\/03\/noten8mini.png\" width=\"18\" height=\"31\" \/><\/a><\/p>\n<\/div>\n<p><\/center><br \/>\n<img loading=\"lazy\" decoding=\"async\" class=\"alignright\" title=\"\" alt=\"\" src=\"https:\/\/www.ampermusikanten.de\/wp-content\/uploads\/2010\/09\/gemaminitra.png\" width=\"140\" height=\"33\" \/><\/p>\n<p style=\"text-align: left; font-size: 17px; margin-top: 50px;\">Live Aufnahmen L\u00f6wenbr\u00e4ukeller M\u00fcnchen<\/p>\n<p>&nbsp;<\/p>\n","protected":false},"excerpt":{"rendered":"<p>Hier finden Sie H\u00f6rproben der Amper-Musikanten: (Zum Abspielen bitte auf Titel klicken) Polka: B\u00f6hmischer Traum Marsch: T\u00f6lzer Sch\u00fctzenmarsch Walzer: Im Rosengarten Live Aufnahmen L\u00f6wenbr\u00e4ukeller M\u00fcnchen &nbsp;<\/p>\n","protected":false},"author":1,"featured_media":0,"parent":0,"menu_order":0,"comment_status":"closed","ping_status":"closed","template":"","meta":{"ngg_post_thumbnail":0,"footnotes":""},"class_list":["post-223","page","type-page","status-publish","hentry"],"_links":{"self":[{"href":"https:\/\/www.ampermusikanten.de\/index.php?rest_route=\/wp\/v2\/pages\/223","targetHints":{"allow":["GET"]}}],"collection":[{"href":"https:\/\/www.ampermusikanten.de\/index.php?rest_route=\/wp\/v2\/pages"}],"about":[{"href":"https:\/\/www.ampermusikanten.de\/index.php?rest_route=\/wp\/v2\/types\/page"}],"author":[{"embeddable":true,"href":"https:\/\/www.ampermusikanten.de\/index.php?rest_route=\/wp\/v2\/users\/1"}],"replies":[{"embeddable":true,"href":"https:\/\/www.ampermusikanten.de\/index.php?rest_route=%2Fwp%2Fv2%2Fcomments&post=223"}],"version-history":[{"count":70,"href":"https:\/\/www.ampermusikanten.de\/index.php?rest_route=\/wp\/v2\/pages\/223\/revisions"}],"predecessor-version":[{"id":2861,"href":"https:\/\/www.ampermusikanten.de\/index.php?rest_route=\/wp\/v2\/pages\/223\/revisions\/2861"}],"wp:attachment":[{"href":"https:\/\/www.ampermusikanten.de\/index.php?rest_route=%2Fwp%2Fv2%2Fmedia&parent=223"}],"curies":[{"name":"wp","href":"https:\/\/api.w.org\/{rel}","templated":true}]}}