{"id":2941,"date":"2014-04-12T14:45:24","date_gmt":"2014-04-12T12:45:24","guid":{"rendered":"http:\/\/www.ampermusikanten.de\/?page_id=2941"},"modified":"2023-04-29T00:31:28","modified_gmt":"2023-04-28T22:31:28","slug":"testing-ultimative","status":"publish","type":"page","link":"https:\/\/www.ampermusikanten.de\/","title":{"rendered":"Daheim"},"content":{"rendered":"\n<p><\/p>\n\n\n<p><img loading=\"lazy\" decoding=\"async\" style=\"margin-top:-103px; margin-right:-30px;\" class=\"size-full wp-image-2954 alignright\" src=\"https:\/\/www.ampermusikanten.de\/wp-content\/uploads\/2014\/04\/wappen4.png\" alt=\"\" width=\"95\" height=\"112\">\n<\/p>\n<p><br><\/p>\n<div style=\"text-align: center;\">\n<div style=\"display: inline-block; margin: 1px; padding: 10px; float: left; min-width: 80px; height: 95px; background-image: url('https:\/\/www.ampermusikanten.de\/wp-content\/uploads\/2010\/09\/noten.svg');\">&nbsp;<\/div>\n<div style=\"display: inline-block; margin: 1px; padding: 10px; float: right; min-width: 80px; height: 95px; background-image: url('https:\/\/www.ampermusikanten.de\/wp-content\/uploads\/2010\/09\/noten.svg');\">&nbsp;<\/div>\n<p><br><\/p>\n<div style=\"font-size: 1.5em; line-height: 200%; display: inline-block; margin: 1px; height: 100%; max-width: 100%;\"><strong><em>Gria\u00df Gott<br>mit\u200beinander und<br>HERZ\u200bLICH WILL\u200bKOM\u200bMEN<\/em><\/strong><\/div>\n<div style=\"display: =;\">&nbsp;<\/div>\n<div>\n<\/div>\n<div class=\"flex-container\">\n<div style=\"flex-basis: 600px;\">Die Amper-Musikanten Bergkirchen freuen sich \u00fcber Ihren Besuch.<br>Falls Sie f\u00fcr Ihr Fest eine z\u00fcnftige und trotzdem moderne Blasmusik suchen \u2013 sprechen Sie mit uns!&nbsp;<p><\/p>\n<p>&nbsp;<\/p>\n<\/div>\n<div style=\"flex-basis: 400px;\">\t\n\t\t\n\t<div id=\"meteor-slideshow\" class=\"meteor-slides  navnone\">\n\t\n\t\t\t\n\t\t\t\t\n\t\t\t\n\t\t<div class=\"meteor-clip\">\n\t\n\t\t\t\t\n\t\t\t<img decoding=\"async\" style=\"visibility: hidden;\" class=\"meteor-shim\" src=\"https:\/\/www.ampermusikanten.de\/wp-content\/uploads\/2013\/02\/jubi300-199.jpg\" alt=\"\" \/>\n\t\t\t<div class=\"mslide mslide-1\">\n\t\t\t\t\n\t\t\t\t\t\t\t\t\t\t\n\t\t\t\t\t<a href=\"http:\/\/www.ampermusikanten.de\/?page_id=1339\" title=\"Jub1\"><img loading=\"lazy\" decoding=\"async\" width=\"300\" height=\"198\" src=\"https:\/\/www.ampermusikanten.de\/wp-content\/uploads\/2013\/02\/jubi300-199.jpg\" class=\"attachment-featured-slide size-featured-slide wp-post-image\" alt=\"\" title=\"Jub1\" srcset=\"https:\/\/www.ampermusikanten.de\/wp-content\/uploads\/2013\/02\/jubi300-199.jpg 300w, https:\/\/www.ampermusikanten.de\/wp-content\/uploads\/2013\/02\/jubi300-199-250x165.jpg 250w\" sizes=\"auto, (max-width: 300px) 100vw, 300px\" \/><\/a>\n\t\t\t\n\t\t\t\t\t\t\t\n\t\t\t<\/div><!-- .mslide -->\n\t\t\t\n\t\t\t\t\t\t\n\t\t\t\t\n\t\t\t\n\t\t\t<div class=\"mslide mslide-2\">\n\t\t\t\t\n\t\t\t\t\t\t\t\t\t\t\n\t\t\t\t\t<a href=\"http:\/\/www.ampermusikanten.de\/?page_id=1339\" title=\"Jub2\"><img loading=\"lazy\" decoding=\"async\" width=\"300\" height=\"199\" src=\"https:\/\/www.ampermusikanten.de\/wp-content\/uploads\/2013\/02\/home62gr-300x199.jpg\" class=\"attachment-featured-slide size-featured-slide wp-post-image\" alt=\"\" title=\"Jub2\" srcset=\"https:\/\/www.ampermusikanten.de\/wp-content\/uploads\/2013\/02\/home62gr-300x199.jpg 300w, https:\/\/www.ampermusikanten.de\/wp-content\/uploads\/2013\/02\/home62gr-300x199-250x165.jpg 250w\" sizes=\"auto, (max-width: 300px) 100vw, 300px\" \/><\/a>\n\t\t\t\n\t\t\t\t\t\t\t\n\t\t\t<\/div><!-- .mslide -->\n\t\t\t\n\t\t\t\t\t\t\n\t\t\t\t\n\t\t\t\n\t\t\t<div class=\"mslide mslide-3\">\n\t\t\t\t\n\t\t\t\t\t\t\t\t\t\t\n\t\t\t\t\t<a href=\"http:\/\/www.ampermusikanten.de\/?page_id=1339\" title=\"Jub5\"><img loading=\"lazy\" decoding=\"async\" width=\"300\" height=\"198\" src=\"https:\/\/www.ampermusikanten.de\/wp-content\/uploads\/2013\/02\/jubi300-1991.jpg\" class=\"attachment-featured-slide size-featured-slide wp-post-image\" alt=\"\" title=\"Jub5\" srcset=\"https:\/\/www.ampermusikanten.de\/wp-content\/uploads\/2013\/02\/jubi300-1991.jpg 300w, https:\/\/www.ampermusikanten.de\/wp-content\/uploads\/2013\/02\/jubi300-1991-250x165.jpg 250w\" sizes=\"auto, (max-width: 300px) 100vw, 300px\" \/><\/a>\n\t\t\t\n\t\t\t\t\t\t\t\n\t\t\t<\/div><!-- .mslide -->\n\t\t\t\n\t\t\t\t\t\t\n\t\t\t\t\n\t\t\t\n\t\t\t<div class=\"mslide mslide-4\">\n\t\t\t\t\n\t\t\t\t\t\t\t\t\t\t\n\t\t\t\t\t<a href=\"http:\/\/www.ampermusikanten.de\/?page_id=1339\" title=\"4\"><img loading=\"lazy\" decoding=\"async\" width=\"300\" height=\"180\" src=\"https:\/\/www.ampermusikanten.de\/wp-content\/uploads\/2013\/02\/daheim_10_300.jpg\" class=\"attachment-featured-slide size-featured-slide wp-post-image\" alt=\"\" title=\"4\" srcset=\"https:\/\/www.ampermusikanten.de\/wp-content\/uploads\/2013\/02\/daheim_10_300.jpg 300w, https:\/\/www.ampermusikanten.de\/wp-content\/uploads\/2013\/02\/daheim_10_300-250x150.jpg 250w\" sizes=\"auto, (max-width: 300px) 100vw, 300px\" \/><\/a>\n\t\t\t\n\t\t\t\t\t\t\t\n\t\t\t<\/div><!-- .mslide -->\n\t\t\t\n\t\t\t\t\t\t\n\t\t\t\t\n\t\t\t\n\t\t\t<div class=\"mslide mslide-5\">\n\t\t\t\t\n\t\t\t\t\t\t\t\t\t\t\n\t\t\t\t\t<a href=\"http:\/\/www.ampermusikanten.de\/?page_id=1339\" title=\"6\"><img loading=\"lazy\" decoding=\"async\" width=\"300\" height=\"191\" src=\"https:\/\/www.ampermusikanten.de\/wp-content\/uploads\/2013\/02\/AM-2010-2k-3001.jpg\" class=\"attachment-featured-slide size-featured-slide wp-post-image\" alt=\"\" title=\"6\" srcset=\"https:\/\/www.ampermusikanten.de\/wp-content\/uploads\/2013\/02\/AM-2010-2k-3001.jpg 300w, https:\/\/www.ampermusikanten.de\/wp-content\/uploads\/2013\/02\/AM-2010-2k-3001-250x159.jpg 250w\" sizes=\"auto, (max-width: 300px) 100vw, 300px\" \/><\/a>\n\t\t\t\n\t\t\t\t\t\t\t\n\t\t\t<\/div><!-- .mslide -->\n\t\t\t\n\t\t\t\t\t\t\n\t\t\t\t\n\t\t<\/div><!-- .meteor-clip -->\n\t\t\t\t\n\t\t\t\t\t\n\t<\/div><!-- .meteor-slides -->\n\t\n\t<\/div>\n<\/div>\n<\/div>","protected":false},"excerpt":{"rendered":"<p>&nbsp; &nbsp; Gria\u00df Gottmit\u200beinander undHERZ\u200bLICH WILL\u200bKOM\u200bMEN &nbsp; Die Amper-Musikanten Bergkirchen freuen sich \u00fcber Ihren Besuch.Falls Sie f\u00fcr Ihr Fest eine z\u00fcnftige und trotzdem moderne Blasmusik suchen \u2013 sprechen Sie mit uns!&nbsp; &nbsp;<\/p>\n","protected":false},"author":1,"featured_media":0,"parent":0,"menu_order":0,"comment_status":"closed","ping_status":"closed","template":"full-width-page.php","meta":{"ngg_post_thumbnail":0,"footnotes":""},"class_list":["post-2941","page","type-page","status-publish","hentry"],"_links":{"self":[{"href":"https:\/\/www.ampermusikanten.de\/index.php?rest_route=\/wp\/v2\/pages\/2941","targetHints":{"allow":["GET"]}}],"collection":[{"href":"https:\/\/www.ampermusikanten.de\/index.php?rest_route=\/wp\/v2\/pages"}],"about":[{"href":"https:\/\/www.ampermusikanten.de\/index.php?rest_route=\/wp\/v2\/types\/page"}],"author":[{"embeddable":true,"href":"https:\/\/www.ampermusikanten.de\/index.php?rest_route=\/wp\/v2\/users\/1"}],"replies":[{"embeddable":true,"href":"https:\/\/www.ampermusikanten.de\/index.php?rest_route=%2Fwp%2Fv2%2Fcomments&post=2941"}],"version-history":[{"count":467,"href":"https:\/\/www.ampermusikanten.de\/index.php?rest_route=\/wp\/v2\/pages\/2941\/revisions"}],"predecessor-version":[{"id":5272,"href":"https:\/\/www.ampermusikanten.de\/index.php?rest_route=\/wp\/v2\/pages\/2941\/revisions\/5272"}],"wp:attachment":[{"href":"https:\/\/www.ampermusikanten.de\/index.php?rest_route=%2Fwp%2Fv2%2Fmedia&parent=2941"}],"curies":[{"name":"wp","href":"https:\/\/api.w.org\/{rel}","templated":true}]}}