{"id":67,"date":"2010-08-31T23:53:30","date_gmt":"2010-08-31T23:53:30","guid":{"rendered":"http:\/\/www2.ampermusikanten.de\/?page_id=67"},"modified":"2026-03-09T16:56:01","modified_gmt":"2026-03-09T15:56:01","slug":"termine","status":"publish","type":"page","link":"https:\/\/www.ampermusikanten.de\/?page_id=67","title":{"rendered":"Termine"},"content":{"rendered":"\n<p><\/p>\n\n\n\n<p class=\"has-large-font-size\"><span style=\"color: #000000\"><strong><span style=\"text-decoration: underline\">Hier sehen Sie unsere \u00f6ffentlichen Auftritte 2026:<\/span><\/strong><\/span><\/p>\n\n\n\n<p><\/p>\n\n\n\n<p><strong>Samstag, 025.04.2026, 17:45 Uhr bis 19:30 Uhr, <\/strong>Dachau,<br>Gasthaus 3 Rosen, Geburtstagsfeier  &#8212; nicht \u00f6ffentlich  &#8212;<\/p>\n\n\n\n<p><strong>Freitag, 01.05.2026, 10:30 Uhr bis 13:30 Uhr, <\/strong>Karlsfeld,<br>Maibaum-Fest, An der W\u00f6gerwiese 2<\/p>\n\n\n\n<p><strong>Samstag, 09.05.2026, 14:00 Uhr bis 17:00 Uhr, <\/strong>Eschenried<br>Kulturhaus, Tag der offenen T\u00fcr mit dem Bl\u00e4serkreis Bergkirchen und der Bl\u00e4serklasse<\/p>\n\n\n\n<p><strong>Sonntag, 17.05.2026, 17:00 Uhr bis 22:00 Uhr, <\/strong>Indersdorf,<br>Volksfest, Ausklang mit Blasmusik<\/p>\n\n\n\n<p><strong>Samstag, 30.05.2026, 14:00 Uhr, <\/strong>Olching<br>Volksfest, Standkonzert Feursstr. 23, anschl. Festzug<\/p>\n\n\n\n<p><strong>Sonntag, 05.07.2026, 12:00 Uhr bis 16:00 Uhr, <\/strong>Karlsfeld,<br>Siedlerfest, Festzelt, Blasmusik-Nachmittag<\/p>\n\n\n\n<p><strong>Sonntag, 16.08.2026, 11:00 Uhr bis 16:00 Uhr, <\/strong>Dachau,<br>Volksfestfest, Festzelt, Blasmusik mit den Amper-Musikanten<\/p>\n\n\n\n<p><strong>Sonntag, 11.10.2026, 08:30 Uhr bis ca. 16:00 Uhr, <\/strong>Deutenhausen,<br>B\u00fcrgerhaus, Jubil\u00e4um Nikolaus-Sch\u00fctzen<\/p>\n\n\n\n<p><em>*\u00c4nderungen vorbehalten<\/em><\/p>\n\n\n\n<p><\/p>\n","protected":false},"excerpt":{"rendered":"<p>Hier sehen Sie unsere \u00f6ffentlichen Auftritte 2026: Samstag, 025.04.2026, 17:45 Uhr bis 19:30 Uhr, Dachau,Gasthaus 3 Rosen, Geburtstagsfeier &#8212; nicht \u00f6ffentlich &#8212; Freitag, 01.05.2026, 10:30 Uhr bis 13:30 Uhr, Karlsfeld,Maibaum-Fest, An der W\u00f6gerwiese 2 Samstag, 09.05.2026, 14:00 Uhr bis 17:00 &hellip;<\/p>\n<p class=\"read-more\"> <a class=\"more-link\" href=\"https:\/\/www.ampermusikanten.de\/?page_id=67\"> <span class=\"screen-reader-text\">Termine<\/span> Weiterlesen &raquo;<\/a><\/p>\n","protected":false},"author":6,"featured_media":0,"parent":0,"menu_order":0,"comment_status":"closed","ping_status":"closed","template":"","meta":{"ngg_post_thumbnail":0,"footnotes":""},"class_list":["post-67","page","type-page","status-publish","hentry"],"_links":{"self":[{"href":"https:\/\/www.ampermusikanten.de\/index.php?rest_route=\/wp\/v2\/pages\/67","targetHints":{"allow":["GET"]}}],"collection":[{"href":"https:\/\/www.ampermusikanten.de\/index.php?rest_route=\/wp\/v2\/pages"}],"about":[{"href":"https:\/\/www.ampermusikanten.de\/index.php?rest_route=\/wp\/v2\/types\/page"}],"author":[{"embeddable":true,"href":"https:\/\/www.ampermusikanten.de\/index.php?rest_route=\/wp\/v2\/users\/6"}],"replies":[{"embeddable":true,"href":"https:\/\/www.ampermusikanten.de\/index.php?rest_route=%2Fwp%2Fv2%2Fcomments&post=67"}],"version-history":[{"count":488,"href":"https:\/\/www.ampermusikanten.de\/index.php?rest_route=\/wp\/v2\/pages\/67\/revisions"}],"predecessor-version":[{"id":5546,"href":"https:\/\/www.ampermusikanten.de\/index.php?rest_route=\/wp\/v2\/pages\/67\/revisions\/5546"}],"wp:attachment":[{"href":"https:\/\/www.ampermusikanten.de\/index.php?rest_route=%2Fwp%2Fv2%2Fmedia&parent=67"}],"curies":[{"name":"wp","href":"https:\/\/api.w.org\/{rel}","templated":true}]}}